 40 = p, -q + 0*h = -4*h + 12. Suppose 0 = -3*y + q*o + 48 + 45, 2*y - 67 = o. What is the units digit of y?
5
Let b = 14 + -14. Suppose -8*i + 6*i + 8 = b. Suppose j - 10 = -i*j, -5*u = 5*j - 20. What is the units digit of u?
2
Suppose 20 = 4*l - u, 0 = 2*l + u - 4. Suppose 4*q = -2*b + 78 - l, -5*b + 149 = -2*q. Let o = 55 - b. What is the units digit of o?
4
Let q be ((-162)/(-21))/((-2)/(-14)). Let a be ((-2)/6)/((-6)/q). Suppose 23 = 4*p - a*j, 8 = -4*p + 6*p + 2*j. What is the units digit of p?
5
Let c(d) = -78*d - 18. Let k be c(-4). Let h = k - 146. What is the units digit of h?
8
Suppose 26595 = 30*l - 38745. What is the tens digit of l?
7
Suppose 5*o + 34 = -141. Let l be (-20)/o*(-7)/(-2). Suppose -80 = -0*k - l*k. What is the units digit of k?
0
Let t = -14 + 26. Let i be (-6)/18*8*21/(-2). What is the units digit of (i/t + -3)*-78?
2
Let n(j) = -3 + 25*j - 15*j + 9. Let a be n(12). Suppose 5*x = 4*q - a, -4*x = 1 + 7. What is the units digit of q?
9
Suppose 2*o + 5*x = 180, -6*o + 420 = -2*o - 5*x. Suppose -35 = -4*m - 5*g, 2*m + 3*m - 5*g - o = 0. What is the units digit of m?
5
Suppose 1193*b - 1194*b + 1286 = 0. What is the tens digit of b?
8
Suppose 0 = -12*p + 1457 + 40159. What is the thousands digit of p?
3
Suppose 5*b + 2*s - 28 = 3*s, -6 = 2*s. Suppose 0*h = -b*h + 50. Suppose 0 = h*u - 7*u - 75. What is the units digit of u?
5
Suppose -15 = 4*a - 7*a. Suppose -2*h = -w + a*w - 134, -4*w = -16. What is the tens digit of h?
5
Let d(s) = -s**3 - 2*s**2 - s + 513. Suppose 0 = -2*h - 4*h. Let z be d(h). What is the tens digit of z/(-9)*(-4)/6?
3
Let k(s) be the third derivative of 1/2*s**3 - 5/24*s**4 + 1/12*s**5 + 0*s - 1/120*s**6 + 0 + 6*s**2. What is the units digit of k(3)?
6
Suppose -q + 1380 + 767 = 5*x, -4*x + 2144 = q. What is the units digit of q?
2
Suppose 0 = 2*p - 3*q - 8566, -7053 - 10071 = -4*p + 2*q. What is the tens digit of p?
8
Suppose -3*d = 5*p - 1453, 9*p - 10*p = 5*d - 2385. What is the tens digit of d?
7
Suppose 334*a = 323*a + 16159. What is the hundreds digit of a?
4
Let a(f) be the third derivative of -f**6/120 + 13*f**5/60 + 5*f**4/6 - f**3/2 + 21*f**2. What is the units digit of a(14)?
1
Suppose -36 = -x + 5*z, 3*z = x - 52 + 20. Suppose 62 = -24*u + x*u. What is the units digit of u?
1
Let q be ((-860)/(-25))/(2/10). Suppose 13 + q = 5*w. Suppose -x = -3*v - 15, -3*x + 6*v + w = v. What is the units digit of x?
9
Suppose -9*u + 510 = -14*u. Let j = -55 - u. What is the units digit of j?
7
Suppose 3*h + 504 = 846. What is the tens digit of h?
1
Let z be (128/10)/((-4)/30). What is the units digit of 256/18 - (z/(-54))/8?
4
Let l(c) = 2*c + 3. Let i(s) = -3*s - 5. Let n(d) = -5*i(d) - 8*l(d). Let k be n(3). What is the units digit of 30 + (k - -2 - -4)?
4
Let j = 53061 - 25623. What is the units digit of (6 + 0)*(j/(-36))/(-17)?
9
Let t be (-36)/(-30)*(-10)/3. Let d be t/12 + (-1)/(-3). Suppose -l + 1 = -d. What is the units digit of l?
1
Let r(d) = d**3 + 9*d**2 + 12*d - 82. What is the hundreds digit of r(6)?
5
Let x(n) = 82*n**3 + 4*n**2 - 4*n + 3. What is the hundreds digit of x(2)?
6
Suppose -3*g + 5*m + 29 = 0, 2*g + 0*g - m = 17. Let z be (-1)/(-4) - 74/g. Let r = 24 + z. What is the tens digit of r?
1
Let l = 56 - 53. Suppose 5*w - 50 = -4*d, d - 30 = -l*w + 3*d. What is the units digit of w?
0
Let p(s) = 886*s**2 - 11. What is the units digit of p(2)?
3
Let w(f) = -7*f - 5. Let a be w(-8). Suppose -4*b + a = 3*u, -4*u - 30 = -4*b + 14. What is the units digit of 35*(-2 + b/5)?
4
Let r(c) = -c**3 + 16*c**2 - 4*c + 5. Let s be r(7). Let a = s + -165. What is the hundreds digit of a?
2
Suppose -4*i = -3*f + 49, -57 = 4*i + 2*f + 3*f. Let n(p) = -p**2 + 10*p + 2. Let k(v) = -v**2 + v. Let l(a) = -2*k(a) + n(a). What is the tens digit of l(i)?
6
Suppose -3*b + 6 = -0*b. Let q(v) = 3*v**b - 4*v**2 - 3 + 4 + 12*v**2. What is the tens digit of q(1)?
1
What is the thousands digit of 12/3 - (-5 + 1 - 2379)?
2
Let s(a) = a**2 - 8*a - 2. Let n be s(9). Suppose n*g - 24 = g. Suppose -g*c = -5*y + 234 - 25, -3*y - 2*c + 121 = 0. What is the units digit of y?
1
Suppose p + 6*l = 3017, 7*l = -2*p + 8*l + 5995. What is the hundreds digit of p?
9
Suppose 3*u - 4*t - 365 = -2*u, -3*u = 4*t - 187. Let f = -9 + u. What is the tens digit of f?
6
Let w be -125 - ((-4)/16*0 + -1). Let v = w + 176. What is the tens digit of v?
5
Suppose -5*f + 48 = 11*f. Suppose -5*w - f*s = -981, 4*w - 2*s + 192 = 5*w. What is the units digit of w?
8
Suppose 1811 = 5*x - 2*t - 691, -2*x + 1012 = 2*t. What is the hundreds digit of x?
5
Let o(h) be the first derivative of -h**3/3 - 11*h**2/2 + 13*h - 6. What is the units digit of o(-6)?
3
Let f = -117 + 1013. What is the units digit of f?
6
Let y(b) be the first derivative of b**2/2 + 3*b + 2. Let r(n) = -2. Let i(t) = -4*r(t) - 5*y(t). What is the tens digit of i(-5)?
1
Suppose 4 = -k, -12 = -r - k - 3*k. Suppose 2*y - 2*v - 20 = 0, 0 = -y - 5*v + r + 12. What is the units digit of y?
5
Suppose 2*z - 1785 + 229 = 0. Let n = -534 + z. What is the tens digit of n?
4
Suppose -4*v + 3*v = 0. Suppose -3*b + 222 - 9 = v. What is the units digit of b?
1
Suppose -5 = -2*a + 5. Suppose -4*y = 2*u - u - 23, -a = -y. Suppose -j - 71 = -5*t + 2*j, 3*t - u*j - 45 = 0. What is the units digit of t?
3
Let s be 99/27 - 2/(-6). Suppose 4*h - 364 = 2*l, -8*l - 170 = -2*h - s*l. What is the tens digit of h?
9
Let a = 162 - 90. Suppose -6*v + a + 330 = 0. What is the units digit of v?
7
Let t = -2 - -11. Suppose -21 = -t*n + 4*n - h, -2*n + 2*h + 6 = 0. Suppose -q + 99 = 4*q + n*m, -q = 4*m - 23. What is the units digit of q?
9
Suppose -3*g - z + 6 = 0, 5*g - z - 3 = 7. Suppose 194 = 5*s + d, -3*s = -8*s + g*d + 197. What is the units digit of s?
9
Suppose -2*g - 2*p + 22 = 0, -3*g + 22 = -2*p - 31. Let c = g + -15. Suppose 0 = -0*r + 5*r - 3*i - 25, c = r - 2*i - 5. What is the units digit of r?
5
Let q = 176 + -72. What is the units digit of q?
4
Let d = 22 + -16. Suppose -d*z + z = -10. Suppose 15 = z*c + 3*c. What is the units digit of c?
3
Let h(p) = -p - 1. Let c(d) = 63*d**2 - 2*d - 1. Let j(v) = c(v) - 3*h(v). What is the units digit of j(-1)?
4
Let i(v) = v**3 + 7*v**2 + 2*v + 8. Let k be i(-7). Let c(a) = 58*a - 3. Let l be c(k). What is the tens digit of l/(-6) + (-1)/2?
5
Let p = -8 + 11. Suppose 2*v + 8 - 32 = p*b, 5*v - 106 = -4*b. What is the tens digit of v?
1
Let o = -12 - -15. What is the units digit of 16/(o/((-75)/(-10)))?
0
Let q(a) be the first derivative of -a**4/4 + a**2/2 + 70*a - 22. What is the units digit of q(0)?
0
Let y = -18 - -28. What is the tens digit of 1324/y - (-18)/(-45)?
3
Let z(n) = 7 + 0*n - n - n + 18. What is the units digit of z(-5)?
5
Suppose -j = -2*w + 3, -5*j + 9 = -5*w + 3*w. What is the units digit of 2/(((-2)/31)/((-6)/w))?
2
What is the units digit of (-8 - -15) + -1 + 1722*1?
8
Suppose -4*q + 5*u = -0*u - 55, -3*u - 9 = 0. Suppose q = 2*w - 0. Suppose 49 + 16 = w*c. What is the units digit of c?
3
Let j = 3800 + -244. What is the thousands digit of j?
3
Let v(z) = -13*z**2 - 2*z - 5. Let s be v(-3). What is the tens digit of (4/(-14) + s/35)*-10?
3
Let y(m) = m**2 + 6*m - 2. Let f be y(-7). Suppose -3*j + f*j = 0. Suppose -5*p + 173 + 2 = j. What is the tens digit of p?
3
Let l = 1480 - 968. What is the hundreds digit of l?
5
Suppose 0 = 4*d + 3*z - 18813, -4*d = -11*z + 8*z - 18843. What is the thousands digit of d?
4
Let i be ((-6)/(-8))/(7/28*1). Suppose -5*j = n - 176, -i*n + j = 4*j - 468. What is the hundreds digit of n?
1
Let u(o) = 44*o**2 - 4*o + 14. What is the hundreds digit of u(4)?
7
Let w(g) = -g**2 - g - 1. Let k(x) = 3*x**2 - 13*x + 2. Let n(s) = -k(s) - 2*w(s). Let q be n(15). What is the tens digit of 2 - (q - (-120)/(-4))?
3
Let j(z) = z**3 + 7*z**2 + 3*z - 3. Let o be j(-3). Let r = o - -12. What is the units digit of r?
6
Suppose 0 = -y + 54 + 3. Let t = -20 + y. What is the units digit of t?
7
Suppose -3*k - 11 = -17. Suppose -z - 3 = -2*z, 0 = -o - k*z + 11. What is the units digit of o?
5
Let j be 383 - (-3)/1*(-6)/(-9). Suppose 633 = 3*r + 2*r - 4*l, 0 = -3*r + 5*l + j. What is the units digit of r?
5
Let y(g) = 8*g**2 - 9. Suppose -1 = 5*b - 21. Let w be y(b). Suppose 0 = -2*h - 35 + w. What is the tens digit of h?
4
S